 factors of a.
421
Suppose -w = 4*y - 187, 2*w - 180 = -3*y - 36. Let m = -56 + y. Let u = m + 93. List the prime factors of u.
83
Let r be -3 - ((-4 - -3) + -16). Let j = r - 11. Suppose j*z = -2*y + 102, 0*y = -2*y + 3*z + 126. List the prime factors of y.
3, 19
What are the prime factors of 501/5511 + (-27576)/(-11)?
23, 109
Suppose 735*c + 683496 = 801*c. List the prime factors of c.
2, 3, 863
Let k be 60 - (1 - -1 - 2) - -3. Suppose -11*v = -14*v + k. What are the prime factors of 2 - 7/(v/(-333))?
113
Let r(y) = 104*y**2 + 61*y - 576. What are the prime factors of r(-18)?
2, 3, 593
Suppose 3*h = -4*w + 6583 + 138224, 2*h + 3*w - 96540 = 0. List the prime factors of h.
3, 16087
Let t = 13042 - 7144. List the prime factors of t.
2, 3, 983
Suppose 2*a + 19*f = 16*f + 6253, -f = -3. Suppose a = -191*r + 198*r. What are the prime factors of r?
2, 223
Suppose 0*q = 3*q + 9. Let z be 8 - (-1 - q) - (11 + -8). Suppose z*h = -30 + 192. List the prime factors of h.
2, 3
Let g = -231 - -848. Suppose 0 = -7*v + 188 + g. List the prime factors of v.
5, 23
Let m(h) = -2*h**2 + 21*h + 15. Let a be m(11). Suppose -12*y + 19408 = a*y. List the prime factors of y.
1213
Let i(t) = -4*t**3 + 6*t**2 + 1. Let s(q) = -5*q**3 + 7*q**2 + 1. Let a(n) = -3*i(n) + 2*s(n). Suppose -187*w + 182*w + 25 = 0. List the prime factors of a(w).
149
Let f(k) = 4*k**3 - k + 1. Suppose 0 = q + 9*q - 10. Let t be f(q). Suppose -2*s - 185 = -7*s - 3*r, 5*s + t*r - 190 = 0. What are the prime factors of s?
2, 17
Suppose 0 = -2*b + 342 - 396. What are the prime factors of b/45 + (-5656)/(-10)?
5, 113
List the prime factors of -2*((-7)/(35/30) - 7754/4).
3889
Let x be -31*(1 - 0)*-17. Let u = x + -5. What are the prime factors of u?
2, 3, 29
Let s = 409 - 390. What are the prime factors of (-2)/(-1) - (-2489)/s?
7, 19
Let d(y) = y**2 + 2*y - 1. Let h be (-1 + -3)/4 - -3. Let k be d(h). Suppose -k*z = 3*z - 50. What are the prime factors of z?
5
Let d = -50181 + 72519. List the prime factors of d.
2, 3, 17, 73
Let f(p) be the second derivative of 7*p**4/12 + 19*p**3/3 - 23*p**2/2 - 13*p. Let o(b) be the first derivative of f(b). What are the prime factors of o(7)?
2, 17
Let i be (-2)/7 + -3 + 90/21. Let j(y) = 16*y - 1. Let q be j(i). Let v = q + 24. List the prime factors of v.
3, 13
Let u = 69 - 60. Suppose 0 = -6*l + u*l - 546. List the prime factors of l.
2, 7, 13
Let a(q) = -51*q**2 + 2*q + 14. Let f be a(4). Let l = -325 - f. List the prime factors of l.
7, 67
Suppose 4*r - 2*v - 39890 = 0, 39911 = -25*r + 29*r - 5*v. What are the prime factors of r?
3, 3323
Let f = 45 + -42. Suppose -f*l + 1045 = 8*l. Let y = 166 - l. What are the prime factors of y?
71
Let s = 8277 - 5749. Let m = s + -1098. What are the prime factors of m?
2, 5, 11, 13
Suppose 0 = p - 4*i - 133, 5*p = -5*i + 272 + 268. Suppose -107*a - 2202 = -p*a. What are the prime factors of a?
367
Let y(z) = 455*z**2 + 97*z + 200. What are the prime factors of y(-2)?
2, 11, 83
List the prime factors of (996/(-581))/((5/5908)/(-5)).
2, 3, 211
What are the prime factors of 1103688/54*(-7 - 17/(-2))?
2, 15329
Let w(q) = q + 4*q + 11*q**2 - q**3 - 6 + 4*q + 2*q**3. Let o be w(-10). Suppose -3*u - 503 = -o*k, -4*k + 379 = -k - 4*u. What are the prime factors of k?
5
Let u be (-34)/153 + 2372/(-18). Let c = u + 316. List the prime factors of c.
2, 23
Suppose 16*v + 1350 = 19*v. Let j = -419 + v. What are the prime factors of j?
31
Let s(o) = 2*o**3 - 115*o**2 - 95*o + 313. What are the prime factors of s(62)?
3, 17, 569
Suppose 0 = 38*x - 32 + 184. Let y(g) = -3*g + 2*g**2 + 0*g**2 - 2 + 6*g. What are the prime factors of y(x)?
2, 3
Suppose -n = -0*d - 3*d + 315, -3*n - 525 = -5*d. Suppose -546 = d*j - 107*j. List the prime factors of j.
3, 7, 13
Let i = 128 + -11. Let j = 82 + i. List the prime factors of j.
199
Let t be ((-6)/(-8))/(13/104). Let n(p) = -2*p + t + 10*p + p - 28. List the prime factors of n(11).
7, 11
Suppose 2*f = 7*f + 4*p - 902, f = -p + 180. Let a be (f/(-10))/(1/(-5)). Suppose 2*n - a = -3*t, -4*t + 88 = -0*n + 2*n. What are the prime factors of n?
2, 5
Let a(s) = 2*s**2 + 18*s - 69. Let y(u) = 15*u**2 + 144*u - 552. Let q(w) = 33*a(w) - 4*y(w). What are the prime factors of q(-13)?
3, 79
Let f(z) = 0 + 6 - 5*z - 4. Suppose -3*g - 16 = -g. List the prime factors of f(g).
2, 3, 7
Let k(t) = -t**3 + 4*t**2 - 2*t + 3. Suppose 3*a + 2*a - 15 = 0. Let f be k(a). What are the prime factors of (f - 2) + 45 - -1?
2, 5
Suppose c + 10 = 2*r + 3, 1 = -c. Suppose 2*k - 4*s - 22 + 114 = 0, -r*k - 143 = -5*s. What are the prime factors of k/32 + 2 + 62/8?
2
List the prime factors of 17 - 17 - ((-7071 - -2) + 0).
7069
Let f be -2 + 5/(-5) + (-4 - -13). Suppose -600 = -f*w - 42. What are the prime factors of w?
3, 31
Let a(n) = 45*n. Let p be a(1). Suppose 4*o = o + p. What are the prime factors of (-2 + -1)/(o/(-35))?
7
Let i = -11232 - -19809. What are the prime factors of i?
3, 953
Suppose 26*m - 90 = 35*m. Let w be (-5)/25 - 32/m. Suppose -w*v + 3*s = -504, v - 6*v - 3*s = -832. List the prime factors of v.
167
Suppose -2*u = -3*v + 117 + 2589, 2*v + 5*u = 1804. Let p = 1274 - v. What are the prime factors of p?
2, 3, 31
Let q be (939/4)/(5/(20/3)). Let s = 394 + q. What are the prime factors of s?
7, 101
Let n(o) = o**3 - o + 8. Let m be n(5). Suppose -7*j + m - 16 = 0. Suppose -3*y = -2*r + 103 + j, 2*r - 5*y = 113. List the prime factors of r.
2
Let v(l) = 194*l**3 + 2*l**2 + l - 9. List the prime factors of v(2).
1553
Let a be -4 - (-14 - -1 - -3). List the prime factors of 5/((-30)/(-309))*a.
3, 103
Let m(l) = l**3 - 2*l**2 - 7*l - 8. Let c be m(-6). Suppose b - 5*b - 1480 = -4*k, 0 = -3*k + 2*b + 1113. Let s = k + c. List the prime factors of s.
7, 17
Let u(t) = 28*t**3 - 20*t**2 + 30*t - 17. List the prime factors of u(8).
7, 271
Suppose 13*j = -8*j + 17*j + 43900. What are the prime factors of j?
5, 439
Let a(b) = 41*b - 10. Let v(t) = -41*t + 8. Let m(s) = 2*a(s) + 3*v(s). List the prime factors of m(-13).
3, 179
Suppose 4*u - 25 = -3*t, -t - 5*u - 10 = -0*t. Let h(w) = 17*w**2 - 9*w**3 - t*w + 5*w**3 + 28 + 3*w**3. What are the prime factors of h(16)?
2, 11
Suppose 2*i - 2408 = 4*y + 1774, -4*y - 5*i = 4203. Let q = y - -1478. List the prime factors of q.
431
Let g(v) be the second derivative of 2*v**3 + 5*v**2 - 2*v. Suppose 12*b = 13*b + 4*w - 29, b - w = 4. What are the prime factors of g(b)?
2, 59
Let q(g) = g**2 + 10*g - 29. Let j be q(-13). Let u be (-182)/(-70) - (-4)/j. Suppose 5*x = 2*n + 12, -u*x + 11 = -n + 3. What are the prime factors of n?
2
Let j(w) = 20 - 87 + 22*w - 23. List the prime factors of j(22).
2, 197
Let u(p) = 3*p + 23. Let o be u(-6). Suppose -4*a + o*h + 2461 = 0, 8*h - 617 = -a + 11*h. What are the prime factors of a?
2, 307
Suppose 2*c - 3*c = -5. Let i(n) = -n**2 + 2*n + 8. Let b be i(4). Suppose -607 = -c*h + 5*j - 237, -3*h - 3*j + 198 = b. List the prime factors of h.
2, 5, 7
Suppose 0 = -7*l - 3*x + 19372, 0 = -5*l + 3*x - 6*x + 13832. What are the prime factors of l?
2, 5, 277
Suppose -t + 2*m = -229, 3*t - 6*m - 683 = -m. Suppose -5*i + 4*q + t = 46, -3*q - 180 = -5*i. List the prime factors of i.
3, 13
Suppose 6*c - 68544 = 54768. List the prime factors of c.
2, 7, 367
Let d(j) be the first derivative of j**6/360 - j**5/12 + j**4/24 - j**3 + 5. Let g(n) be the third derivative of d(n). List the prime factors of g(-4).
3, 19
List the prime factors of 2/((-144)/(-891486)) - (-6)/(-8).
3, 4127
Let w(b) be the third derivative of b**6/120 + 2*b**5/3 - 17*b**4/24 - 139*b**3/6 - 84*b**2. List the prime factors of w(-40).
541
Let o = 51927 - 11751. What are the prime factors of o?
2, 3, 31
Suppose j = 3, -6*j - 1625 = -4*p - 9*j. Let v = 49 - 215. Let m = v + p. What are the prime factors of m?
2, 7, 17
Let t(k) = -k**3 + 12*k**2 - 8*k - 28. List the prime factors of t(6).
2, 5, 7
Let o = 34 + -29. Suppose 0 = o*x - 765 - 2025. List the prime factors of x.
2, 3, 31
Let n be 2*4/(-8)*1*-110. Suppose -3*t = -4*t - v + n, 3*t - 330 = v. List the prime factors of t.
2, 5, 11
Let d = 76 - -5. Suppose -80*c - 68 = -d*c. What are the prime factors of c?
2, 17
Suppose 0 = -4*c - 16, -5*w + 0*c - 3*c - 32 = 0. Let d be 6/(-2) + (390 - (w + 0)). Suppose 4*m = 2*m + u + d, 0 = -2*